e millions digit of 1370962?
1
What is the ten thousands digit of 26453618?
5
What is the hundreds digit of 1737436?
4
What is the ten thousands digit of 496310?
9
What is the hundred thousands digit of 8050420?
0
What is the millions digit of 1278823?
1
What is the ten thousands digit of 2224550?
2
What is the tens digit of 1261378?
7
What is the hundred thousands digit of 714991?
7
What is the units digit of 4922898?
8
What is the millions digit of 2888908?
2
What is the thousands digit of 92868?
2
What is the tens digit of 668774?
7
What is the hundreds digit of 1890403?
4
What is the tens digit of 675301?
0
What is the ten thousands digit of 898178?
9
What is the units digit of 2715743?
3
What is the tens digit of 386350?
5
What is the hundreds digit of 1208331?
3
What is the hundred thousands digit of 190539?
1
What is the tens digit of 980393?
9
What is the hundreds digit of 2796738?
7
What is the hundred thousands digit of 21247065?
2
What is the hundreds digit of 1849262?
2
What is the hundreds digit of 225068?
0
What is the thousands digit of 438834?
8
What is the millions digit of 1310380?
1
What is the ten thousands digit of 158354?
5
What is the hundred thousands digit of 3515959?
5
What is the millions digit of 1324280?
1
What is the millions digit of 9815260?
9
What is the units digit of 481368?
8
What is the tens digit of 280833?
3
What is the hundred thousands digit of 2834245?
8
What is the units digit of 104628?
8
What is the tens digit of 1809154?
5
What is the ten thousands digit of 283960?
8
What is the millions digit of 4520657?
4
What is the hundreds digit of 575181?
1
What is the tens digit of 10810244?
4
What is the units digit of 590597?
7
What is the thousands digit of 8635583?
5
What is the hundred thousands digit of 453229?
4
What is the thousands digit of 18015346?
5
What is the units digit of 75792?
2
What is the ten thousands digit of 135664?
3
What is the hundreds digit of 9547416?
4
What is the units digit of 6707523?
3
What is the units digit of 2447661?
1
What is the ten thousands digit of 90927?
9
What is the hundred thousands digit of 2994786?
9
What is the thousands digit of 464497?
4
What is the millions digit of 1055428?
1
What is the ten thousands digit of 6204227?
0
What is the hundreds digit of 235784?
7
What is the tens digit of 182407?
0
What is the ten thousands digit of 1840074?
4
What is the units digit of 206426?
6
What is the hundreds digit of 715404?
4
What is the thousands digit of 392323?
2
What is the hundred thousands digit of 2799466?
7
What is the hundreds digit of 664344?
3
What is the ten millions digit of 16672384?
1
What is the hundred thousands digit of 938362?
9
What is the hundred thousands digit of 3616401?
6
What is the tens digit of 3388465?
6
What is the units digit of 1120766?
6
What is the ten thousands digit of 3261788?
6
What is the thousands digit of 93334?
3
What is the units digit of 216492?
2
What is the hundreds digit of 86211?
2
What is the ten thousands digit of 148674?
4
What is the tens digit of 20576648?
4
What is the thousands digit of 1350755?
0
What is the tens digit of 184002?
0
What is the thousands digit of 5077826?
7
What is the hundred thousands digit of 5884999?
8
What is the ten thousands digit of 111898?
1
What is the hundreds digit of 55607?
6
What is the ten millions digit of 15936328?
1
What is the hundreds digit of 537760?
7
What is the hundred thousands digit of 965106?
9
What is the tens digit of 112599?
9
What is the tens digit of 103959?
5
What is the millions digit of 4507107?
4
What is the thousands digit of 144728?
4
What is the tens digit of 206258?
5
What is the units digit of 1626057?
7
What is the hundreds digit of 3314837?
8
What is the thousands digit of 16853119?
3
What is the hundreds digit of 500887?
8
What is the hundred thousands digit of 5547814?
5
What is the thousands digit of 323977?
3
What is the tens digit of 99850?
5
What is the ten thousands digit of 623856?
2
What is the tens digit of 254549?
4
What is the hundreds digit of 1037686?
6
What is the ten thousands digit of 116128?
1
What is the units digit of 478207?
7
What is the ten thousands digit of 117474?
1
What is the tens digit of 654009?
0
What is the tens digit of 398970?
7
What is the tens digit of 2195170?
7
What is the hundreds digit of 4934258?
2
What is the millions digit of 2866221?
2
What is the thousands digit of 677691?
7
What is the hundred thousands digit of 5470221?
4
What is the tens digit of 824174?
7
What is the units digit of 1151075?
5
What is the units digit of 2495709?
9
What is the hundreds digit of 1067624?
6
What is the units digit of 174407?
7
What is the ten thousands digit of 120922?
2
What is the units digit of 807064?
4
What is the hundreds digit of 2541780?
7
What is the ten thousands digit of 9103631?
0
What is the units digit of 70280?
0
What is the tens digit of 3410939?
3
What is the hundreds digit of 88459?
4
What is the tens digit of 40238?
3
What is the units digit of 2032944?
4
What is the hundreds digit of 1399718?
7
What is the units digit of 91070?
0
What is the tens digit of 669603?
0
What is the thousands digit of 1215981?
5
What is the millions digit of 2537941?
2
What is the hundreds digit of 5689389?
3
What is the hundreds digit of 5654795?
7
What is the hundreds digit of 734312?
3
What is the hundreds digit of 18490663?
6
What is the thousands digit of 2445883?
5
What is the millions digit of 1771822?
1
What is the hundred thousands digit of 127707?
1
What is the thousands digit of 1394363?
4
What is the thousands digit of 35726?
5
What is the tens digit of 6682934?
3
What is the units digit of 3426006?
6
What is the tens digit of 154669?
6
What is the units digit of 4709360?
0
What is the units digit of 13207253?
3
What is the ten millions digit of 10089690?
1
What is the units digit of 11234255?
5
What is the millions digit of 1839334?
1
What is the ten thousands digit of 688552?
8
What is the hundred thousands digit of 13693718?
6
What is the tens digit of 4626418?
1
What is the hundred thousands digit of 968600?
9
What is the thousands digit of 894869?
4
What is the hundreds digit of 9155333?
3
What is the ten thousands digit of 281473?
8
What is the units digit of 541932?
2
What is the ten millions digit of 20154695?
2
What is the millions digit of 11372850?
1
What is the hundred thousands digit of 7202206?
2
What is the ten thousands digit of 26333?
2
What is the thousands digit of 115242?
5
What is the units digit of 10246637?
7
What is the hundreds digit of 304162?
1
What is the thousands digit of 1922885?
2
What is the units digit of 1225659?
9
What is the tens digit of 85962?
6
What is the hundreds digit of 816507?
5
What is the ten thousands digit of 194101?
9
What is the ten millions digit of 10018769?
1
What is the tens digit of 267627?
2
What is the millions digit of 1981827?
1
What is the thousands digit of 246039?
6
What is the millions digit of 1170145?
1
What is the thousands digit of 321788?
1
What is the hundred thousands digit of 671747?
6
What is the units digit of 68579?
9
What is the units digit of 7810648?
8
What is the tens digit of 4498195?
9
What is the ten thousands digit of 194848?
9
What is the thousands digit of 1052551?
2
What is the hundreds digit of 651309?
3
What is the hundreds digit of 53731?
7
What is the ten thousands digit of 644698?
4
What is the hundred thousands digit of 5509969?
5
What is the thousands digit of 8074550?
4
What is the tens digit of 810092?
9
What is the thousands digit of 461095?
1
What is the tens digit of 3321491?
9
What is the units digit of 5515127?
7
What is the hundreds digit of 521393?
3
What is the hundreds digit of 676891?
8
What is the thousands digit of 6676482?
6
What is the hundred thousands digit of 2723038?
7
What is the tens digit of 137811?
1
What is the units digit of 1184260?
0
What is the units digit of 430566?
6
What is the hundred thousands digit of 226185?
2
What is the ten thousands digit of 1994823?
9
What is the millions digit of 17586857?
7
What is the hundred thousands digit of 2539144?
5
What is the hundreds digit of 22683680?
6
What is the hundreds digit of 599647?
6
What is the hundreds digit of 25154212?
2
What is the thousa